{"id":602,"date":"2017-06-29T18:00:10","date_gmt":"2017-06-29T18:00:10","guid":{"rendered":"http:\/\/www.snec.coop.py\/?page_id=602"},"modified":"2017-10-30T15:25:06","modified_gmt":"2017-10-30T15:25:06","slug":"equipo-y-organizacion","status":"publish","type":"page","link":"https:\/\/www.snec.coop.py\/?page_id=602","title":{"rendered":"Equipo y Organizaci\u00f3n"},"content":{"rendered":"<h6 style=\"text-align: left;\">La Confederaci\u00f3n Paraguaya de Cooperativas (CONPACOOP), es responsable de la gesti\u00f3n y control del Sistema Nacional de Educaci\u00f3n Cooperativa (SNEC), bajo la supervisi\u00f3n del Instituto Nacional de Cooperativismo (INCOOP).<\/h6>\n<p><img fetchpriority=\"high\" decoding=\"async\" class=\" wp-image-811 aligncenter\" src=\"https:\/\/www.snec.coop.py\/wp-content\/uploads\/2017\/06\/1-5.png\" alt=\"\" width=\"668\" height=\"668\" srcset=\"https:\/\/www.snec.coop.py\/wp-content\/uploads\/2017\/06\/1-5.png 800w, https:\/\/www.snec.coop.py\/wp-content\/uploads\/2017\/06\/1-5-150x150.png 150w, https:\/\/www.snec.coop.py\/wp-content\/uploads\/2017\/06\/1-5-300x300.png 300w, https:\/\/www.snec.coop.py\/wp-content\/uploads\/2017\/06\/1-5-768x768.png 768w\" sizes=\"(max-width: 668px) 100vw, 668px\" \/><\/p>\n<p style=\"text-align: justify;\"><span style=\"color: #000000;\">Las capacitaciones tienen lugar en las cooperativas de ahorro y cr\u00e9dito en todo el Paraguay. Est\u00e1n organizadas y ejecutadas por las federaciones y centros afiliados del sector.<\/span><\/p>\n<p style=\"text-align: justify;\"><span style=\"color: #000000;\">En un primer momento, el Plan de Formaci\u00f3n de Ejecutivos se estableci\u00f3 bajo el liderazgo de la CONPACOOP. En este contexto, se definieron las competencias requeridas por el SNEC.<\/span><\/p>\n<p style=\"text-align: justify;\"><span style=\"color: #000000;\">Los grupos, competencias y objetivos del SNEC, son el foco de atenci\u00f3n de las federaciones, en el \u00e1mbito de la planificaci\u00f3n de sus programas. Y para los formadores, en la planificaci\u00f3n de sus cursos.<\/span><\/p>\n","protected":false},"excerpt":{"rendered":"<p>La Confederaci\u00f3n Paraguaya de Cooperativas (CONPACOOP), es responsable de la gesti\u00f3n y control del Sistema Nacional de Educaci\u00f3n Cooperativa (SNEC), bajo la supervisi\u00f3n del Instituto Nacional de Cooperativismo (INCOOP). Las capacitaciones tienen lugar en las cooperativas de ahorro y cr\u00e9dito en todo el Paraguay. Est\u00e1n organizadas y ejecutadas por las\u2026<\/p>\n<p> <a class=\"continue-reading-link\" href=\"https:\/\/www.snec.coop.py\/?page_id=602\"><span>Continue reading<\/span><i class=\"crycon-right-dir\"><\/i><\/a> <\/p>\n","protected":false},"author":1,"featured_media":0,"parent":0,"menu_order":0,"comment_status":"closed","ping_status":"closed","template":"","meta":{"footnotes":"","_mc_calendar":[]},"_links":{"self":[{"href":"https:\/\/www.snec.coop.py\/index.php?rest_route=\/wp\/v2\/pages\/602"}],"collection":[{"href":"https:\/\/www.snec.coop.py\/index.php?rest_route=\/wp\/v2\/pages"}],"about":[{"href":"https:\/\/www.snec.coop.py\/index.php?rest_route=\/wp\/v2\/types\/page"}],"author":[{"embeddable":true,"href":"https:\/\/www.snec.coop.py\/index.php?rest_route=\/wp\/v2\/users\/1"}],"replies":[{"embeddable":true,"href":"https:\/\/www.snec.coop.py\/index.php?rest_route=%2Fwp%2Fv2%2Fcomments&post=602"}],"version-history":[{"count":7,"href":"https:\/\/www.snec.coop.py\/index.php?rest_route=\/wp\/v2\/pages\/602\/revisions"}],"predecessor-version":[{"id":812,"href":"https:\/\/www.snec.coop.py\/index.php?rest_route=\/wp\/v2\/pages\/602\/revisions\/812"}],"wp:attachment":[{"href":"https:\/\/www.snec.coop.py\/index.php?rest_route=%2Fwp%2Fv2%2Fmedia&parent=602"}],"curies":[{"name":"wp","href":"https:\/\/api.w.org\/{rel}","templated":true}]}}